{"id":25,"date":"2026-04-24T19:41:21","date_gmt":"2026-04-24T19:41:21","guid":{"rendered":"https:\/\/glob-agile-consulting.com\/GLOBAGILE\/about\/"},"modified":"2026-04-24T21:40:00","modified_gmt":"2026-04-24T21:40:00","slug":"a-propos","status":"publish","type":"page","link":"https:\/\/glob-agile-consulting.com\/GLOBAGILE\/a-propos\/","title":{"rendered":"\u00c0 Propos"},"content":{"rendered":"\t\t<div data-elementor-type=\"wp-page\" data-elementor-id=\"25\" class=\"elementor elementor-25\">\n\t\t\t\t<div class=\"elementor-element elementor-element-7899de8f e-flex e-con-boxed e-con e-parent\" data-id=\"7899de8f\" data-element_type=\"container\" data-e-type=\"container\" data-settings=\"{&quot;background_background&quot;:&quot;classic&quot;}\">\n\t\t\t\t\t<div class=\"e-con-inner\">\n\t\t\t\t<div class=\"elementor-element elementor-element-371ab04f elementor-widget elementor-widget-heading\" data-id=\"371ab04f\" data-element_type=\"widget\" data-e-type=\"widget\" data-widget_type=\"heading.default\">\n\t\t\t\t\t<h1 class=\"elementor-heading-title elementor-size-default\">\u00c0 Propos<\/h1>\t\t\t\t<\/div>\n\t\t\t\t<div class=\"elementor-element elementor-element-678e1e9b elementor-widget__width-initial elementor-widget elementor-widget-text-editor\" data-id=\"678e1e9b\" data-element_type=\"widget\" data-e-type=\"widget\" data-widget_type=\"text-editor.default\">\n\t\t\t\t\t\t\t\t\t<p style=\"margin: 0in; font-size: 11.0pt;\"><span style=\"font-family: Calibri;\">Chez <\/span><span style=\"font-weight: bold; font-family: Calibri;\">Glob Agile Consulting<\/span><span style=\"font-family: Calibri;\">, nous pla\u00e7ons l\u2019exigence, la pr\u00e9cision et la confiance au centre de chaque mission. Nous accompagnons les organisations qui souhaitent aller au<\/span><span style=\"font-family: 'Cambria Math';\">\u2011<\/span><span style=\"font-family: Calibri;\">del\u00e0 de la simple conformit\u00e9 pour atteindre un v\u00e9ritable <\/span><span style=\"font-weight: bold; font-family: Calibri;\">niveau d\u2019excellence en cybers\u00e9curit\u00e9, gouvernance et gestion des risques<\/span><span style=\"font-family: Calibri;\">.<\/span><\/p><p style=\"margin: 0in; font-family: Calibri; font-size: 11.0pt;\">Notre approche repose sur une conviction forte : <span style=\"font-weight: bold;\">la s\u00e9curit\u00e9 n\u2019est pas seulement une protection, c\u2019est un avantage strat\u00e9gique.<\/span><\/p><p style=\"margin: 0in; font-family: Calibri; font-size: 11.0pt;\">Gr\u00e2ce \u00e0 une expertise pointue en <span style=\"font-weight: bold;\">GRC, audit de s\u00e9curit\u00e9, gestion des risques et conformit\u00e9 r\u00e9glementaire<\/span>, nous aidons nos clients \u00e0 structurer une gouvernance solide, anticiper les menaces et renforcer durablement leur r\u00e9silience. Chaque intervention est men\u00e9e avec une m\u00e9thodologie rigoureuse, inspir\u00e9e des standards internationaux (ISO\u202f27001, RGPD, NIS2), et adapt\u00e9e aux enjeux sp\u00e9cifiques des PME, ETI et environnements critiques.<\/p><p style=\"margin: 0in; font-family: Calibri; font-size: 11.0pt;\">Nous transformons la complexit\u00e9 cyber en d\u00e9cisions claires, mesurables et orient\u00e9es performance. Notre engagement : vous offrir une <span style=\"font-weight: bold;\">vision strat\u00e9gique<\/span>, des <span style=\"font-weight: bold;\">recommandations \u00e0 forte valeur ajout\u00e9e<\/span> et un <span style=\"font-weight: bold;\">accompagnement premium<\/span>, pens\u00e9 pour les organisations qui exigent le meilleur.<\/p><p style=\"margin: 0in; font-family: Calibri; font-size: 11.0pt;\">Parce que prot\u00e9ger votre entreprise, c\u2019est prot\u00e9ger votre avenir.<\/p>\t\t\t\t\t\t\t\t<\/div>\n\t\t\t\t\t<\/div>\n\t\t\t\t<\/div>\n\t\t<div class=\"elementor-element elementor-element-3876af3f e-flex e-con-boxed e-con e-parent\" data-id=\"3876af3f\" data-element_type=\"container\" data-e-type=\"container\">\n\t\t\t\t\t<div class=\"e-con-inner\">\n\t\t<div class=\"elementor-element elementor-element-7f7cab12 e-con-full e-flex e-con e-child\" data-id=\"7f7cab12\" data-element_type=\"container\" data-e-type=\"container\">\n\t\t\t\t<div class=\"elementor-element elementor-element-490ab97b elementor-widget elementor-widget-image\" data-id=\"490ab97b\" data-element_type=\"widget\" data-e-type=\"widget\" data-widget_type=\"image.default\">\n\t\t\t\t\t\t\t\t\t\t\t\t\t\t\t<img fetchpriority=\"high\" decoding=\"async\" width=\"1000\" height=\"667\" src=\"https:\/\/glob-agile-consulting.com\/GLOBAGILE\/wp-content\/uploads\/2026\/04\/Mission.jpg\" class=\"attachment-full size-full wp-image-62\" alt=\"\" srcset=\"https:\/\/glob-agile-consulting.com\/GLOBAGILE\/wp-content\/uploads\/2026\/04\/Mission.jpg 1000w, https:\/\/glob-agile-consulting.com\/GLOBAGILE\/wp-content\/uploads\/2026\/04\/Mission-300x200.jpg 300w, https:\/\/glob-agile-consulting.com\/GLOBAGILE\/wp-content\/uploads\/2026\/04\/Mission-768x512.jpg 768w\" sizes=\"(max-width: 1000px) 100vw, 1000px\" \/>\t\t\t\t\t\t\t\t\t\t\t\t\t\t\t<\/div>\n\t\t\t\t<\/div>\n\t\t<div class=\"elementor-element elementor-element-5ba2310d e-con-full e-flex e-con e-child\" data-id=\"5ba2310d\" data-element_type=\"container\" data-e-type=\"container\">\n\t\t\t\t<div class=\"elementor-element elementor-element-43e0d80c elementor-widget elementor-widget-heading\" data-id=\"43e0d80c\" data-element_type=\"widget\" data-e-type=\"widget\" data-widget_type=\"heading.default\">\n\t\t\t\t\t<h2 class=\"elementor-heading-title elementor-size-default\">Notre Mission<\/h2>\t\t\t\t<\/div>\n\t\t\t\t<div class=\"elementor-element elementor-element-500245fe elementor-widget elementor-widget-text-editor\" data-id=\"500245fe\" data-element_type=\"widget\" data-e-type=\"widget\" data-widget_type=\"text-editor.default\">\n\t\t\t\t\t\t\t\t\t<p style=\"margin: 0in; font-family: Calibri; font-size: 11.0pt;\">Chez <span style=\"font-weight: bold;\">Glob Agile Consulting<\/span>, notre mission est de b\u00e2tir un monde num\u00e9rique plus s\u00fbr, plus r\u00e9silient et plus transparent. Nous aidons les organisations \u00e0 anticiper les menaces, ma\u00eetriser leurs risques et transformer la cybers\u00e9curit\u00e9 en un v\u00e9ritable levier de performance.<\/p><p style=\"margin: 0in; font-family: Calibri; font-size: 11.0pt;\">Notre approche repose sur trois piliers :<\/p><ul style=\"direction: ltr; unicode-bidi: embed; margin-top: 0in; margin-bottom: 0in;\" type=\"disc\"><li style=\"margin-top: 0; margin-bottom: 0; vertical-align: middle;\"><span style=\"font-weight: bold; font-family: Calibri; font-size: 11.0pt;\">Excellence technique<\/span><span style=\"font-family: Calibri; font-size: 11.0pt;\">, pour garantir une protection conforme aux standards internationaux (ISO\u202f27001, RGPD, NIS2).<\/span><\/li><li style=\"margin-top: 0; margin-bottom: 0; vertical-align: middle;\"><span style=\"font-weight: bold; font-family: Calibri; font-size: 11.0pt;\">Vision strat\u00e9gique<\/span><span style=\"font-family: Calibri; font-size: 11.0pt;\">, pour aligner la s\u00e9curit\u00e9 sur les objectifs m\u00e9tiers et la gouvernance.<\/span><\/li><li style=\"margin-top: 0; margin-bottom: 0; vertical-align: middle;\"><span style=\"font-weight: bold; font-family: Calibri; font-size: 11.0pt;\">Engagement humain<\/span><span style=\"font-family: Calibri; font-size: 11.0pt;\">, pour instaurer une culture de confiance et de responsabilit\u00e9 au sein des \u00e9quipes.<\/span><\/li><\/ul><p style=\"margin: 0in; font-family: Calibri; font-size: 11.0pt;\">Nous croyons que la s\u00e9curit\u00e9 n\u2019est pas seulement une obligation r\u00e9glementaire, mais une valeur d\u2019entreprise &#8211; celle qui prot\u00e8ge, rassure et fait grandir.<\/p>\t\t\t\t\t\t\t\t<\/div>\n\t\t\t\t<div class=\"elementor-element elementor-element-3888b533 elementor-align-center elementor-widget elementor-widget-button\" data-id=\"3888b533\" data-element_type=\"widget\" data-e-type=\"widget\" data-widget_type=\"button.default\">\n\t\t\t\t\t\t\t\t\t\t<a class=\"elementor-button elementor-button-link elementor-size-sm\" href=\"https:\/\/glob-agile-consulting.com\/GLOBAGILE\/contact\/\">\n\t\t\t\t\t\t<span class=\"elementor-button-content-wrapper\">\n\t\t\t\t\t\t\t\t\t<span class=\"elementor-button-text\">Contactez-nous<\/span>\n\t\t\t\t\t<\/span>\n\t\t\t\t\t<\/a>\n\t\t\t\t\t\t\t\t<\/div>\n\t\t\t\t<\/div>\n\t\t\t\t\t<\/div>\n\t\t\t\t<\/div>\n\t\t<div class=\"elementor-element elementor-element-bd19afa e-flex e-con-boxed e-con e-parent\" data-id=\"bd19afa\" data-element_type=\"container\" data-e-type=\"container\" data-settings=\"{&quot;background_background&quot;:&quot;classic&quot;}\">\n\t\t\t\t\t<div class=\"e-con-inner\">\n\t\t\t\t<div class=\"elementor-element elementor-element-3980e762 elementor-widget__width-initial elementor-widget elementor-widget-heading\" data-id=\"3980e762\" data-element_type=\"widget\" data-e-type=\"widget\" data-widget_type=\"heading.default\">\n\t\t\t\t\t<h2 class=\"elementor-heading-title elementor-size-default\">Pr\u00eat \u00e0 travailler  ensemble? C'est parti!<\/h2>\t\t\t\t<\/div>\n\t\t\t\t<div class=\"elementor-element elementor-element-4f08eb98 elementor-widget elementor-widget-button\" data-id=\"4f08eb98\" data-element_type=\"widget\" data-e-type=\"widget\" data-widget_type=\"button.default\">\n\t\t\t\t\t\t\t\t\t\t<a class=\"elementor-button elementor-button-link elementor-size-sm\" href=\"https:\/\/glob-agile-consulting.com\/GLOBAGILE\/contact\/\">\n\t\t\t\t\t\t<span class=\"elementor-button-content-wrapper\">\n\t\t\t\t\t\t\t\t\t<span class=\"elementor-button-text\">Contactez-nous<\/span>\n\t\t\t\t\t<\/span>\n\t\t\t\t\t<\/a>\n\t\t\t\t\t\t\t\t<\/div>\n\t\t\t\t\t<\/div>\n\t\t\t\t<\/div>\n\t\t\t\t<\/div>\n\t\t","protected":false},"excerpt":{"rendered":"<p>\u00c0 Propos Chez Glob Agile Consulting, nous pla\u00e7ons l\u2019exigence, la pr\u00e9cision et la confiance au centre de chaque mission. Nous [&hellip;]<\/p>\n","protected":false},"author":1,"featured_media":0,"parent":0,"menu_order":0,"comment_status":"closed","ping_status":"closed","template":"","meta":{"site-sidebar-layout":"no-sidebar","site-content-layout":"","ast-site-content-layout":"full-width-container","site-content-style":"default","site-sidebar-style":"default","ast-global-header-display":"","ast-banner-title-visibility":"","ast-main-header-display":"","ast-hfb-above-header-display":"","ast-hfb-below-header-display":"","ast-hfb-mobile-header-display":"","site-post-title":"disabled","ast-breadcrumbs-content":"","ast-featured-img":"disabled","footer-sml-layout":"","ast-disable-related-posts":"","theme-transparent-header-meta":"","adv-header-id-meta":"","stick-header-meta":"","header-above-stick-meta":"","header-main-stick-meta":"","header-below-stick-meta":"","astra-migrate-meta-layouts":"default","ast-page-background-enabled":"default","ast-page-background-meta":{"desktop":{"background-color":"var(--ast-global-color-4)","background-image":"","background-repeat":"repeat","background-position":"center center","background-size":"auto","background-attachment":"scroll","background-type":"","background-media":"","overlay-type":"","overlay-color":"","overlay-opacity":"","overlay-gradient":""},"tablet":{"background-color":"","background-image":"","background-repeat":"repeat","background-position":"center center","background-size":"auto","background-attachment":"scroll","background-type":"","background-media":"","overlay-type":"","overlay-color":"","overlay-opacity":"","overlay-gradient":""},"mobile":{"background-color":"","background-image":"","background-repeat":"repeat","background-position":"center center","background-size":"auto","background-attachment":"scroll","background-type":"","background-media":"","overlay-type":"","overlay-color":"","overlay-opacity":"","overlay-gradient":""}},"ast-content-background-meta":{"desktop":{"background-color":"var(--ast-global-color-5)","background-image":"","background-repeat":"repeat","background-position":"center center","background-size":"auto","background-attachment":"scroll","background-type":"","background-media":"","overlay-type":"","overlay-color":"","overlay-opacity":"","overlay-gradient":""},"tablet":{"background-color":"var(--ast-global-color-5)","background-image":"","background-repeat":"repeat","background-position":"center center","background-size":"auto","background-attachment":"scroll","background-type":"","background-media":"","overlay-type":"","overlay-color":"","overlay-opacity":"","overlay-gradient":""},"mobile":{"background-color":"var(--ast-global-color-5)","background-image":"","background-repeat":"repeat","background-position":"center center","background-size":"auto","background-attachment":"scroll","background-type":"","background-media":"","overlay-type":"","overlay-color":"","overlay-opacity":"","overlay-gradient":""}},"footnotes":""},"class_list":["post-25","page","type-page","status-publish","hentry"],"_links":{"self":[{"href":"https:\/\/glob-agile-consulting.com\/GLOBAGILE\/wp-json\/wp\/v2\/pages\/25","targetHints":{"allow":["GET"]}}],"collection":[{"href":"https:\/\/glob-agile-consulting.com\/GLOBAGILE\/wp-json\/wp\/v2\/pages"}],"about":[{"href":"https:\/\/glob-agile-consulting.com\/GLOBAGILE\/wp-json\/wp\/v2\/types\/page"}],"author":[{"embeddable":true,"href":"https:\/\/glob-agile-consulting.com\/GLOBAGILE\/wp-json\/wp\/v2\/users\/1"}],"replies":[{"embeddable":true,"href":"https:\/\/glob-agile-consulting.com\/GLOBAGILE\/wp-json\/wp\/v2\/comments?post=25"}],"version-history":[{"count":4,"href":"https:\/\/glob-agile-consulting.com\/GLOBAGILE\/wp-json\/wp\/v2\/pages\/25\/revisions"}],"predecessor-version":[{"id":65,"href":"https:\/\/glob-agile-consulting.com\/GLOBAGILE\/wp-json\/wp\/v2\/pages\/25\/revisions\/65"}],"wp:attachment":[{"href":"https:\/\/glob-agile-consulting.com\/GLOBAGILE\/wp-json\/wp\/v2\/media?parent=25"}],"curies":[{"name":"wp","href":"https:\/\/api.w.org\/{rel}","templated":true}]}}